{"id":93,"date":"2022-07-09T00:34:00","date_gmt":"2022-07-09T00:34:00","guid":{"rendered":"https:\/\/imedisa.net\/?page_id=93"},"modified":"2022-07-09T00:34:00","modified_gmt":"2022-07-09T00:34:00","slug":"asesoria-fiscal","status":"publish","type":"page","link":"https:\/\/imedisa.net\/index.php\/asesoria-fiscal\/","title":{"rendered":"Asesoria Fiscal"},"content":{"rendered":"<h3>C\u00e1lculo fiscal y determinaci\u00f3n de impuestos<\/h3>\n<h3>Pre-cierres fiscales para la declaraci\u00f3n anual<\/h3>\n<h3>Presentaci\u00f3n de declaraci\u00f3n fiscal anual<\/h3>\n<h3>Env\u00edo de contabilidad electr\u00f3nica<\/h3>\n<h3>Monitores del C\u00f3digo Fiscal Art. 69 B<\/h3>\n<h3>Validaci\u00f3n de CFDI\u2019s<\/h3>\n<h3>Devoluci\u00f3n de impuestos<\/h3>\n","protected":false},"excerpt":{"rendered":"<p>C\u00e1lculo fiscal y determinaci\u00f3n de impuestos Pre-cierres fiscales para la declaraci\u00f3n anual Presentaci\u00f3n de declaraci\u00f3n fiscal anual Env\u00edo de contabilidad electr\u00f3nica Monitores del C\u00f3digo Fiscal Art. 69 B Validaci\u00f3n de CFDI\u2019s Devoluci\u00f3n de impuestos<\/p>\n","protected":false},"author":1,"featured_media":0,"parent":0,"menu_order":0,"comment_status":"closed","ping_status":"closed","template":"","meta":{"footnotes":""},"class_list":["post-93","page","type-page","status-publish","hentry"],"_links":{"self":[{"href":"https:\/\/imedisa.net\/index.php\/wp-json\/wp\/v2\/pages\/93","targetHints":{"allow":["GET"]}}],"collection":[{"href":"https:\/\/imedisa.net\/index.php\/wp-json\/wp\/v2\/pages"}],"about":[{"href":"https:\/\/imedisa.net\/index.php\/wp-json\/wp\/v2\/types\/page"}],"author":[{"embeddable":true,"href":"https:\/\/imedisa.net\/index.php\/wp-json\/wp\/v2\/users\/1"}],"replies":[{"embeddable":true,"href":"https:\/\/imedisa.net\/index.php\/wp-json\/wp\/v2\/comments?post=93"}],"version-history":[{"count":1,"href":"https:\/\/imedisa.net\/index.php\/wp-json\/wp\/v2\/pages\/93\/revisions"}],"predecessor-version":[{"id":95,"href":"https:\/\/imedisa.net\/index.php\/wp-json\/wp\/v2\/pages\/93\/revisions\/95"}],"wp:attachment":[{"href":"https:\/\/imedisa.net\/index.php\/wp-json\/wp\/v2\/media?parent=93"}],"curies":[{"name":"wp","href":"https:\/\/api.w.org\/{rel}","templated":true}]}}