{"id":87,"date":"2022-07-09T00:28:21","date_gmt":"2022-07-09T00:28:21","guid":{"rendered":"https:\/\/imedisa.net\/?page_id=87"},"modified":"2022-07-09T00:28:21","modified_gmt":"2022-07-09T00:28:21","slug":"nosotros","status":"publish","type":"page","link":"https:\/\/imedisa.net\/index.php\/nosotros\/","title":{"rendered":"Nosotros"},"content":{"rendered":"<h3>Se cuenta con personal calificado en las Diversas \u00c1reas contables sumando decenas de a\u00f1os de experiencia, contamos con equipos de computo de ultima generaci\u00f3n, exprofeso para los requerimientos inform\u00e1ticos de las distintas dependencias gubernamentales.<\/h3>\n<h5>Domicilio Corporativo: Nogal No. 91 Fraccionamiento Valle de los Pinos Tlalnepantla Estado de M\u00e9xico, C.P. 54040<\/h5>\n","protected":false},"excerpt":{"rendered":"<p>Se cuenta con personal calificado en las Diversas \u00c1reas contables sumando decenas de a\u00f1os de experiencia, contamos con equipos de computo de ultima generaci\u00f3n, exprofeso para los requerimientos inform\u00e1ticos de las distintas dependencias gubernamentales. Domicilio Corporativo: Nogal No. 91 Fraccionamiento Valle de los Pinos Tlalnepantla Estado de M\u00e9xico, C.P. 54040<\/p>\n","protected":false},"author":1,"featured_media":0,"parent":0,"menu_order":0,"comment_status":"closed","ping_status":"closed","template":"","meta":{"footnotes":""},"class_list":["post-87","page","type-page","status-publish","hentry"],"_links":{"self":[{"href":"https:\/\/imedisa.net\/index.php\/wp-json\/wp\/v2\/pages\/87","targetHints":{"allow":["GET"]}}],"collection":[{"href":"https:\/\/imedisa.net\/index.php\/wp-json\/wp\/v2\/pages"}],"about":[{"href":"https:\/\/imedisa.net\/index.php\/wp-json\/wp\/v2\/types\/page"}],"author":[{"embeddable":true,"href":"https:\/\/imedisa.net\/index.php\/wp-json\/wp\/v2\/users\/1"}],"replies":[{"embeddable":true,"href":"https:\/\/imedisa.net\/index.php\/wp-json\/wp\/v2\/comments?post=87"}],"version-history":[{"count":1,"href":"https:\/\/imedisa.net\/index.php\/wp-json\/wp\/v2\/pages\/87\/revisions"}],"predecessor-version":[{"id":89,"href":"https:\/\/imedisa.net\/index.php\/wp-json\/wp\/v2\/pages\/87\/revisions\/89"}],"wp:attachment":[{"href":"https:\/\/imedisa.net\/index.php\/wp-json\/wp\/v2\/media?parent=87"}],"curies":[{"name":"wp","href":"https:\/\/api.w.org\/{rel}","templated":true}]}}